{"id":744,"date":"2017-02-07T18:25:32","date_gmt":"2017-02-07T18:25:32","guid":{"rendered":"http:\/\/dhumanidades.xoc.uam.mx\/?page_id=744"},"modified":"2017-02-07T19:32:07","modified_gmt":"2017-02-07T19:32:07","slug":"dra-claudia-arroyo","status":"publish","type":"page","link":"https:\/\/dhumanidades.xoc.uam.mx\/?page_id=744","title":{"rendered":"Dra. Claudia Arroyo"},"content":{"rendered":"<p>&nbsp;<br \/>\n&nbsp;<\/p>\n<p><a href=\"https:\/\/dhumanidades.xoc.uam.mx\/wp-content\/uploads\/2017\/02\/Claudia-Arroyo-490x326.jpg\"><img loading=\"lazy\" decoding=\"async\" class=\"alignleft size-medium wp-image-671\" src=\"https:\/\/dhumanidades.xoc.uam.mx\/wp-content\/uploads\/2017\/02\/Claudia-Arroyo-490x326-300x199.jpg\" alt=\"Claudia-Arroyo-490x326\" width=\"300\" height=\"199\" margin-right=\"10px\" srcset=\"https:\/\/dhumanidades.xoc.uam.mx\/wp-content\/uploads\/2017\/02\/Claudia-Arroyo-490x326-300x199.jpg 300w, https:\/\/dhumanidades.xoc.uam.mx\/wp-content\/uploads\/2017\/02\/Claudia-Arroyo-490x326.jpg 490w\" sizes=\"auto, (max-width: 300px) 100vw, 300px\" \/><\/a><\/p>\n<p style=\"color: #000000; text-align: left; font-size: 16px;\">Doctora en Estudios Latinoamericanos por el Birkbeck College de la Universidad de Londres y Licenciada en Lengua y Literatura Hisp\u00e1nicas por la Universidad Nacional Aut\u00f3noma de M\u00e9xico. Se ha especializado en el estudio de la historia cultural de M\u00e9xico de los siglos XIX y XX, respecto a la forma en que la literatura y la cultura visual han participado en la producci\u00f3n de discursos sobre la historia, la naci\u00f3n, el Estado y diversas identidades sociales. Su trabajo de investigaci\u00f3n se ha enfocado, en particular, en la representaci\u00f3n de identidades \u00e9tnicas y subalternas en la novela popular decimon\u00f3nica y en el cine de la \u00c9poca de Oro (1935-1955). En su tesis doctoral investig\u00f3 el discurso nacionalista del cine mexicano de los a\u00f1os 40, a trav\u00e9s de un an\u00e1lisis textual e intertextual de la obra del director Emilio Fern\u00e1ndez y su equipo de cineastas. Realiz\u00f3 una estancia posdoctoral en la Facultad de Filosof\u00eda y Letras de la UNAM donde investig\u00f3 la recepci\u00f3n cr\u00edtica del cine de los a\u00f1os 40 en publicaciones peri\u00f3dicas de la \u00e9poca.<\/p>\n<p>&nbsp;<br \/>\n&nbsp;<\/p>\n\n        <div class=\"panel panel-bordered mg-b\" style=\"border-color: #00486a\">\n            \n                <div class=\"panel-heading\" style=\"background-color: #00486a; border-color: #00486a\">L\u00edneas de investigaci\u00f3n<\/div>\n                <div class=\"panel-body\">\n                    <\/p>\n<ul>\n<li>Teor\u00eda de la cultura y del cine<\/li>\n<li>Historia cultural de M\u00e9xico, siglos XIX y XX<\/li>\n<li>Discursos sociales y pol\u00edticos en la literatura y el cine mexicanos, siglos XIX y XX<\/li>\n<li>Nacionalismo cultural del M\u00e9xico post-revolucionario<\/li>\n<li>Representaci\u00f3n de identidades \u00e9tnicas y subalternas en la cultura visual<\/li>\n<\/ul>\n<p>\n                <\/div>\n            \n        <\/div>\n    \n<p>&nbsp;<\/p>\n\n        <div class=\"panel panel-bordered mg-b\" style=\"border-color: #00486a\">\n            \n                <div class=\"panel-heading\" style=\"background-color: #00486a; border-color: #00486a\">Publicaciones relevantes<\/div>\n                <div class=\"panel-body\">\n                    <\/p>\n<p>\n                <\/div>\n            \n        <\/div>\n    \n<p>&nbsp;<\/p>\n\n        <div class=\"panel panel-bordered mg-b\" style=\"border-color: #00486a\">\n            \n                <div class=\"panel-heading\" style=\"background-color: #00486a; border-color: #00486a\">Sitio web<\/div>\n                <div class=\"panel-body\">\n                    <\/p>\n<p>\n                <\/div>\n            \n        <\/div>\n    \n","protected":false},"excerpt":{"rendered":"<p>&nbsp; &nbsp; Doctora en Estudios Latinoamericanos por el Birkbeck College de la Universidad de Londres y Licenciada en Lengua y Literatura Hisp\u00e1nicas por la Universidad [&hellip;]<\/p>\n","protected":false},"author":1,"featured_media":0,"parent":0,"menu_order":0,"comment_status":"open","ping_status":"open","template":"template-empty-fullwidth.php","meta":{"footnotes":""},"class_list":["post-744","page","type-page","status-publish","hentry"],"_links":{"self":[{"href":"https:\/\/dhumanidades.xoc.uam.mx\/index.php?rest_route=\/wp\/v2\/pages\/744","targetHints":{"allow":["GET"]}}],"collection":[{"href":"https:\/\/dhumanidades.xoc.uam.mx\/index.php?rest_route=\/wp\/v2\/pages"}],"about":[{"href":"https:\/\/dhumanidades.xoc.uam.mx\/index.php?rest_route=\/wp\/v2\/types\/page"}],"author":[{"embeddable":true,"href":"https:\/\/dhumanidades.xoc.uam.mx\/index.php?rest_route=\/wp\/v2\/users\/1"}],"replies":[{"embeddable":true,"href":"https:\/\/dhumanidades.xoc.uam.mx\/index.php?rest_route=%2Fwp%2Fv2%2Fcomments&post=744"}],"version-history":[{"count":5,"href":"https:\/\/dhumanidades.xoc.uam.mx\/index.php?rest_route=\/wp\/v2\/pages\/744\/revisions"}],"predecessor-version":[{"id":807,"href":"https:\/\/dhumanidades.xoc.uam.mx\/index.php?rest_route=\/wp\/v2\/pages\/744\/revisions\/807"}],"wp:attachment":[{"href":"https:\/\/dhumanidades.xoc.uam.mx\/index.php?rest_route=%2Fwp%2Fv2%2Fmedia&parent=744"}],"curies":[{"name":"wp","href":"https:\/\/api.w.org\/{rel}","templated":true}]}}