{"id":31,"date":"2017-01-26T19:07:16","date_gmt":"2017-01-26T19:07:16","guid":{"rendered":"http:\/\/dhumanidades.xoc.uam.mx\/?page_id=31"},"modified":"2022-10-13T17:20:01","modified_gmt":"2022-10-13T17:20:01","slug":"nucleo-basico","status":"publish","type":"page","link":"https:\/\/dhumanidades.xoc.uam.mx\/?page_id=31","title":{"rendered":"N\u00facleo Acad\u00e9mico B\u00e1sico"},"content":{"rendered":"\n        <div class=\"profile-boxes\">\n            <div class=\"row\">\n        <div class=\"col-sm-6 profile-box\">\n          <div class=\"row\">\n            <div class=\"col-sm-4\">\n              <a class=\"image-link\" data-lightbox data-lightbox-gallery=\"team\" href=\"https:\/\/dhumanidades.xoc.uam.mx\/wp-content\/uploads\/2017\/02\/DSC_0014.jpg\" title=\"Dr. Mario Rufer\">\n                <i class=\"fa-icon-envelope-alt\"><\/i>\n                <img loading=\"lazy\" decoding=\"async\" alt=\"David Doe\" width=\"165\" height=\"165\" src=\"https:\/\/dhumanidades.xoc.uam.mx\/wp-content\/uploads\/2017\/02\/DSC_0014.jpg\" \/>\n              <\/a>\n            <\/div>\n            <div class=\"col-sm-8\">\n              <h3 class=\"name\">Dr. Mario Rufer<\/h3>\n              <h4 class=\"position\">Profesor-investigador de tiempo completo titular 'C' de la Universidad Aut\u00f3noma Metropolitana, Unidad Xochimilco<\/h4>\n              <p>Miembro del Sistema Nacional de Investigadores (SNI) nivel II<\/p>\n              <div class=\"links\">\n                 <a title=\"Dr. Mario Rufer\" href=\"https:\/\/dhumanidades.xoc.uam.mx\/?page_id=399\" target=\"_blank\" rel=\"noopener\">Semblanza Curricular<\/a>\u00a0\n              <\/div>\n            <\/div>\n          <\/div>\n        <\/div>\n    \n        <div class=\"col-sm-6 profile-box\">\n          <div class=\"row\">\n            <div class=\"col-sm-4\">\n              <a class=\"image-link\" data-lightbox data-lightbox-gallery=\"team\" href=\"https:\/\/dhumanidades.xoc.uam.mx\/wp-content\/uploads\/2017\/02\/CarmendelaPeza1-e1487172810886.jpg\" title=\"Dra. Ma. Del Carmen de la Peza\">\n                <i class=\"fa-icon-envelope-alt\"><\/i>\n                <img loading=\"lazy\" decoding=\"async\" alt=\"David Doe\" width=\"165\" height=\"165\" src=\"https:\/\/dhumanidades.xoc.uam.mx\/wp-content\/uploads\/2017\/02\/CarmendelaPeza1-e1487172810886.jpg\" \/>\n              <\/a>\n            <\/div>\n            <div class=\"col-sm-8\">\n              <h3 class=\"name\">Dra. Ma. Del Carmen de la Peza<\/h3>\n              <h4 class=\"position\">Profesora-investigadora de tiempo completo titular 'C' de la Universidad Aut\u00f3noma Metropolitana, Unidad Xochimilco<\/h4>\n              <p>Miembro del Sistema Nacional de Investigadores (SNI) nivel III<\/p>\n              <div class=\"links\">\n                 <a title=\"Dra. Carmen de la Peza\" href=\"https:\/\/dhumanidades.xoc.uam.mx\/?page_id=474\" target=\"_blank\" rel=\"noopener\">Semblanza Curricular<\/a>\u00a0\n              <\/div>\n            <\/div>\n          <\/div>\n        <\/div>\n    <\/div><div class=\"row\">\n        <div class=\"col-sm-6 profile-box\">\n          <div class=\"row\">\n            <div class=\"col-sm-4\">\n              <a class=\"image-link\" data-lightbox data-lightbox-gallery=\"team\" href=\"https:\/\/dhumanidades.xoc.uam.mx\/wp-content\/uploads\/2017\/02\/Frida-Gorbach.jpg\" title=\"Dra. Frida Gorbach Rudoy\">\n                <i class=\"fa-icon-envelope-alt\"><\/i>\n                <img loading=\"lazy\" decoding=\"async\" alt=\"David Doe\" width=\"165\" height=\"165\" src=\"https:\/\/dhumanidades.xoc.uam.mx\/wp-content\/uploads\/2017\/02\/Frida-Gorbach.jpg\" \/>\n              <\/a>\n            <\/div>\n            <div class=\"col-sm-8\">\n              <h3 class=\"name\">Dra. Frida Gorbach Rudoy<\/h3>\n              <h4 class=\"position\">Profesora-investigadora de tiempo completo titular 'C' de la Universidad Aut\u00f3noma Metropolitana, Unidad Xochimilco<\/h4>\n              <p>Miembro del Sistema Nacional de Investigadores (SNI) nivel II<\/p>\n              <div class=\"links\">\n                 <a title=\"Dra. Frida Gorbach\" href=\"https:\/\/dhumanidades.xoc.uam.mx\/?page_id=479\" target=\"_blank\" rel=\"noopener\">Semblanza Curricular<\/a>\u00a0\n              <\/div>\n            <\/div>\n          <\/div>\n        <\/div>\n    \n        <div class=\"col-sm-6 profile-box\">\n          <div class=\"row\">\n            <div class=\"col-sm-4\">\n              <a class=\"image-link\" data-lightbox data-lightbox-gallery=\"team\" href=\"https:\/\/dhumanidades.xoc.uam.mx\/wp-content\/uploads\/2017\/02\/Yissel-Arce.jpg\" title=\"Dra. Yissel Arce Padr\u00f3n\">\n                <i class=\"fa-icon-envelope-alt\"><\/i>\n                <img loading=\"lazy\" decoding=\"async\" alt=\"David Doe\" width=\"165\" height=\"165\" src=\"https:\/\/dhumanidades.xoc.uam.mx\/wp-content\/uploads\/2017\/02\/Yissel-Arce.jpg\" \/>\n              <\/a>\n            <\/div>\n            <div class=\"col-sm-8\">\n              <h3 class=\"name\">Dra. Yissel Arce Padr\u00f3n<\/h3>\n              <h4 class=\"position\">Profesora-investigadora de tiempo completo titular 'C' de la Universidad Aut\u00f3noma Metropolitana, Unidad Xochimilco<\/h4>\n              <p>Miembro del Sistema Nacional de Investigadores (SNI) nivel I<\/p>\n              <div class=\"links\">\n                 <a title=\"Dra. Yissel Arce\" href=\"https:\/\/dhumanidades.xoc.uam.mx\/?page_id=484\" target=\"_blank\" rel=\"noopener\">Semblanza Curricular<\/a>\u00a0\n              <\/div>\n            <\/div>\n          <\/div>\n        <\/div>\n    <\/div><div class=\"row\">\n        <div class=\"col-sm-6 profile-box\">\n          <div class=\"row\">\n            <div class=\"col-sm-4\">\n              <a class=\"image-link\" data-lightbox data-lightbox-gallery=\"team\" href=\"https:\/\/dhumanidades.xoc.uam.mx\/wp-content\/uploads\/2017\/02\/Paulina-Aroch.jpg\" title=\"Dra. Paulina Aroch Fugellie\">\n                <i class=\"fa-icon-envelope-alt\"><\/i>\n                <img loading=\"lazy\" decoding=\"async\" alt=\"David Doe\" width=\"165\" height=\"165\" src=\"https:\/\/dhumanidades.xoc.uam.mx\/wp-content\/uploads\/2017\/02\/Paulina-Aroch.jpg\" \/>\n              <\/a>\n            <\/div>\n            <div class=\"col-sm-8\">\n              <h3 class=\"name\">Dra. Paulina Aroch Fugellie<\/h3>\n              <h4 class=\"position\">Profesora-investigadora de tiempo completo titular 'C' de la Universidad Aut\u00f3noma Metropolitana, Unidad Cuajimalpa<\/h4>\n              <p>Miembro del Sistema Nacional de Investigadores (SNI) nivel I<\/p>\n              <div class=\"links\">\n                 <a title=\"Dra. Paulina Aroch\" href=\"https:\/\/dhumanidades.xoc.uam.mx\/?page_id=503\" target=\"_blank\" rel=\"noopener\">Semblanza Curricular<\/a>\u00a0\n              <\/div>\n            <\/div>\n          <\/div>\n        <\/div>\n    \n        <div class=\"col-sm-6 profile-box\">\n          <div class=\"row\">\n            <div class=\"col-sm-4\">\n              <a class=\"image-link\" data-lightbox data-lightbox-gallery=\"team\" href=\"https:\/\/dhumanidades.xoc.uam.mx\/wp-content\/uploads\/2017\/02\/Rozental.jpg\" title=\"Dra. Sandra Rozental\">\n                <i class=\"fa-icon-envelope-alt\"><\/i>\n                <img loading=\"lazy\" decoding=\"async\" alt=\"David Doe\" width=\"165\" height=\"165\" src=\"https:\/\/dhumanidades.xoc.uam.mx\/wp-content\/uploads\/2017\/02\/Rozental.jpg\" \/>\n              <\/a>\n            <\/div>\n            <div class=\"col-sm-8\">\n              <h3 class=\"name\">Dra. Sandra Rozental<\/h3>\n              <h4 class=\"position\">Profesora-investigadora de tiempo completo titular 'C' de la Universidad Aut\u00f3noma Metropolitana, Unidad Cuajimalpa<\/h4>\n              <p>Miembro del Sistema Nacional de Investigadores (SNI) nivel candidata<\/p>\n              <div class=\"links\">\n                 <a title=\"Dra. Sandra Rozental\" href=\"https:\/\/dhumanidades.xoc.uam.mx\/?page_id=701\" target=\"_blank\" rel=\"noopener\">Semblanza Curricular<\/a>\u00a0\n              <\/div>\n            <\/div>\n          <\/div>\n        <\/div>\n    <\/div><div class=\"row\">\n        <div class=\"col-sm-6 profile-box\">\n          <div class=\"row\">\n            <div class=\"col-sm-4\">\n              <a class=\"image-link\" data-lightbox data-lightbox-gallery=\"team\" href=\"https:\/\/dhumanidades.xoc.uam.mx\/wp-content\/uploads\/2017\/02\/Lauro-Zavala.jpg\" title=\"Dr. Lauro Zavala\">\n                <i class=\"fa-icon-envelope-alt\"><\/i>\n                <img loading=\"lazy\" decoding=\"async\" alt=\"David Doe\" width=\"165\" height=\"165\" src=\"https:\/\/dhumanidades.xoc.uam.mx\/wp-content\/uploads\/2017\/02\/Lauro-Zavala.jpg\" \/>\n              <\/a>\n            <\/div>\n            <div class=\"col-sm-8\">\n              <h3 class=\"name\">Dr. Lauro Zavala<\/h3>\n              <h4 class=\"position\">Profesor-investigador de tiempo completo titular 'C' de la Universidad Aut\u00f3noma Metropolitana, Unidad Xochimilco<\/h4>\n              <p>Miembro del Sistema Nacional de Investigadores (SNI) nivel II<\/p>\n              <div class=\"links\">\n                 <a title=\"Dr. Lauro Zavala\" href=\"https:\/\/dhumanidades.xoc.uam.mx\/?page_id=486\" target=\"_blank\" rel=\"noopener\">Semblanza Curricular<\/a>\u00a0\n              <\/div>\n            <\/div>\n          <\/div>\n        <\/div>\n    \n        <div class=\"col-sm-6 profile-box\">\n          <div class=\"row\">\n            <div class=\"col-sm-4\">\n              <a class=\"image-link\" data-lightbox data-lightbox-gallery=\"team\" href=\"https:\/\/dhumanidades.xoc.uam.mx\/wp-content\/uploads\/2017\/02\/Diego-Lizarazo.jpg\" title=\"Dr. Diego Lizarazo\">\n                <i class=\"fa-icon-envelope-alt\"><\/i>\n                <img loading=\"lazy\" decoding=\"async\" alt=\"David Doe\" width=\"165\" height=\"165\" src=\"https:\/\/dhumanidades.xoc.uam.mx\/wp-content\/uploads\/2017\/02\/Diego-Lizarazo.jpg\" \/>\n              <\/a>\n            <\/div>\n            <div class=\"col-sm-8\">\n              <h3 class=\"name\">Dr. Diego Lizarazo<\/h3>\n              <h4 class=\"position\">Profesor-investigador de tiempo completo titular 'C' de la Universidad Aut\u00f3noma Metropolitana, Unidad Xochimilco<\/h4>\n              <p>Miembro del Sistema Nacional de Investigadores (SNI) nivel II<\/p>\n              <div class=\"links\">\n                 <a title=\"Dr. Diego Lizarazo\" href=\"https:\/\/dhumanidades.xoc.uam.mx\/?page_id=488\" target=\"_blank\" rel=\"noopener\">Semblanza Curricular<\/a>\u00a0\n              <\/div>\n            <\/div>\n          <\/div>\n        <\/div>\n    <\/div><div class=\"row\">\n        <div class=\"col-sm-6 profile-box\">\n          <div class=\"row\">\n            <div class=\"col-sm-4\">\n              <a class=\"image-link\" data-lightbox data-lightbox-gallery=\"team\" href=\"https:\/\/dhumanidades.xoc.uam.mx\/wp-content\/uploads\/2017\/02\/Jose-Luis.jpg\" title=\"Dr. Jos\u00e9 Alberto S\u00e1nchez\">\n                <i class=\"fa-icon-envelope-alt\"><\/i>\n                <img loading=\"lazy\" decoding=\"async\" alt=\"David Doe\" width=\"165\" height=\"165\" src=\"https:\/\/dhumanidades.xoc.uam.mx\/wp-content\/uploads\/2017\/02\/Jose-Luis.jpg\" \/>\n              <\/a>\n            <\/div>\n            <div class=\"col-sm-8\">\n              <h3 class=\"name\">Dr. Jos\u00e9 Alberto S\u00e1nchez<\/h3>\n              <h4 class=\"position\">Profesor-investigador de tiempo completo titular 'C' de la Universidad Aut\u00f3noma Metropolitana, Unidad Xochimilco<\/h4>\n              <p>Miembro del Sistema Nacional de Investigadores (SNI) nivel II<\/p>\n              <div class=\"links\">\n                 <a title=\"Dr. Alberto S\u00e1nchez\" href=\"https:\/\/dhumanidades.xoc.uam.mx\/?page_id=492\" target=\"_blank\" rel=\"noopener\">Semblanza Curricular<\/a> \n              <\/div>\n            <\/div>\n          <\/div>\n        <\/div>\n    \n        <div class=\"col-sm-6 profile-box\">\n          <div class=\"row\">\n            <div class=\"col-sm-4\">\n              <a class=\"image-link\" data-lightbox data-lightbox-gallery=\"team\" href=\"https:\/\/dhumanidades.xoc.uam.mx\/wp-content\/uploads\/2017\/02\/543.jpg\" title=\"Dr. Vicente Castellanos\">\n                <i class=\"fa-icon-envelope-alt\"><\/i>\n                <img loading=\"lazy\" decoding=\"async\" alt=\"David Doe\" width=\"165\" height=\"165\" src=\"https:\/\/dhumanidades.xoc.uam.mx\/wp-content\/uploads\/2017\/02\/543.jpg\" \/>\n              <\/a>\n            <\/div>\n            <div class=\"col-sm-8\">\n              <h3 class=\"name\">Dr. Vicente Castellanos<\/h3>\n              <h4 class=\"position\">Profesor-investigador de tiempo completo titular 'C' de la Universidad Aut\u00f3noma Metropolitana, Unidad Cuajimalpa<\/h4>\n              <p>Miembro del Sistema Nacional de Investigadores (SNI) nivel II<\/p>\n              <div class=\"links\">\n                 <a title=\"Dr. Vicente Castellanos\" href=\"https:\/\/dhumanidades.xoc.uam.mx\/?page_id=495\" target=\"_blank\" rel=\"noopener\">Semblanza Curricular<\/a>\u00a0\n              <\/div>\n            <\/div>\n          <\/div>\n        <\/div>\n    <\/div><div class=\"row\">\n        <div class=\"col-sm-6 profile-box\">\n          <div class=\"row\">\n            <div class=\"col-sm-4\">\n              <a class=\"image-link\" data-lightbox data-lightbox-gallery=\"team\" href=\"https:\/\/dhumanidades.xoc.uam.mx\/wp-content\/uploads\/2018\/12\/Parrini.jpg\" title=\"Dr. Rodrigo Parrini\">\n                <i class=\"fa-icon-envelope-alt\"><\/i>\n                <img loading=\"lazy\" decoding=\"async\" alt=\"David Doe\" width=\"165\" height=\"165\" src=\"https:\/\/dhumanidades.xoc.uam.mx\/wp-content\/uploads\/2018\/12\/Parrini.jpg\" \/>\n              <\/a>\n            <\/div>\n            <div class=\"col-sm-8\">\n              <h3 class=\"name\">Dr. Rodrigo Parrini<\/h3>\n              <h4 class=\"position\">Profesor-investigador de tiempo completo titular 'C' de la Universidad Aut\u00f3noma Metropolitana, Unidad Xochimilco<\/h4>\n              <p>Miembro del sistema Nacional de Investigadores (SNI) Nivel I<\/p>\n              <div class=\"links\">\n                 <a title=\"Dr. Rodrigo Parrini \" href=\"https:\/\/dhumanidades.xoc.uam.mx\/?page_id=1189\" target=\"_blank\" rel=\"noopener\">Semblanza Curricular<\/a>\u00a0 \n              <\/div>\n            <\/div>\n          <\/div>\n        <\/div>\n    \n        <\/div>\n    \n","protected":false},"excerpt":{"rendered":"","protected":false},"author":1,"featured_media":0,"parent":0,"menu_order":0,"comment_status":"open","ping_status":"open","template":"template-empty-fullwidth.php","meta":{"footnotes":""},"class_list":["post-31","page","type-page","status-publish","hentry"],"_links":{"self":[{"href":"https:\/\/dhumanidades.xoc.uam.mx\/index.php?rest_route=\/wp\/v2\/pages\/31","targetHints":{"allow":["GET"]}}],"collection":[{"href":"https:\/\/dhumanidades.xoc.uam.mx\/index.php?rest_route=\/wp\/v2\/pages"}],"about":[{"href":"https:\/\/dhumanidades.xoc.uam.mx\/index.php?rest_route=\/wp\/v2\/types\/page"}],"author":[{"embeddable":true,"href":"https:\/\/dhumanidades.xoc.uam.mx\/index.php?rest_route=\/wp\/v2\/users\/1"}],"replies":[{"embeddable":true,"href":"https:\/\/dhumanidades.xoc.uam.mx\/index.php?rest_route=%2Fwp%2Fv2%2Fcomments&post=31"}],"version-history":[{"count":59,"href":"https:\/\/dhumanidades.xoc.uam.mx\/index.php?rest_route=\/wp\/v2\/pages\/31\/revisions"}],"predecessor-version":[{"id":1452,"href":"https:\/\/dhumanidades.xoc.uam.mx\/index.php?rest_route=\/wp\/v2\/pages\/31\/revisions\/1452"}],"wp:attachment":[{"href":"https:\/\/dhumanidades.xoc.uam.mx\/index.php?rest_route=%2Fwp%2Fv2%2Fmedia&parent=31"}],"curies":[{"name":"wp","href":"https:\/\/api.w.org\/{rel}","templated":true}]}}