{"id":25,"date":"2017-01-26T19:04:59","date_gmt":"2017-01-26T19:04:59","guid":{"rendered":"http:\/\/dhumanidades.xoc.uam.mx\/?page_id=25"},"modified":"2023-01-31T22:11:44","modified_gmt":"2023-01-31T22:11:44","slug":"estudios-culturales-y-critica-postcolonial","status":"publish","type":"page","link":"https:\/\/dhumanidades.xoc.uam.mx\/?page_id=25","title":{"rendered":"Estudios Culturales y Cr\u00edtica Poscolonial"},"content":{"rendered":"<div style=\"text-align: center;\"><\/div>\n<h1 style=\"text-align: center;\">Objetivos:<\/h1>\n<ul>\n<li style=\"color: #000000; text-align: left; font-size: 16px;\">Promover investigaciones que desarrollen las contribuciones de los estudios culturales y de la cr\u00edtica poscolonial a las humanidades y al concepto tradicional de humanismo<\/li>\n<li style=\"color: #000000; text-align: left; font-size: 16px;\">Generar investigaciones que abreven en los estudios poscoloniales como cr\u00edtica medular a la construcci\u00f3n de conocimiento en general, y al campo de los estudios de cultura en particular<\/li>\n<li style=\"color: #000000; text-align: left; font-size: 16px;\">Incorporar una visi\u00f3n cr\u00edtica al eurocentrismo que recupere la geopol\u00edtica del conocimiento y cuestione desde Am\u00e9rica Latina las nociones universales de Humanidad, Cultura, Modernidad, Sujeto y Raz\u00f3n<\/li>\n<\/ul>\n<p style=\"color: #000000; text-align: left; font-size: 16px;\">Esta l\u00ednea propone trabajar la intersecci\u00f3n entre cultura, poder y \u201clo pol\u00edtico\u201d como el\u00a0<em>locus<\/em>\u00a0para analizar formaciones de asimetr\u00eda, jerarqu\u00eda, dominaci\u00f3n, resistencia y ambivalencia en las formaciones sociales. Se abordar\u00e1n las acciones rituales de los procesos culturales; las din\u00e1micas performativas en los procesos de identidad\/identificaci\u00f3n; el \u201crecurso\u201d a la cultura como tradici\u00f3n, innovaci\u00f3n, autoridad, patrimonio, fetiche y mercado, estudiando sus procesos espec\u00edficos de significaci\u00f3n. El sello de los estudios culturales fue su intervenci\u00f3n inter y transdisciplinar, algo que esta l\u00ednea busca mantener e incentivar en la construcci\u00f3n de los objetos de investigaci\u00f3n y de sus abordajes metodol\u00f3gicos. El abordaje recupera cr\u00edticamente la labor de los Estudios Culturales desde su vertiente anglosajona en la Escuela de Birmingham y su surgimiento como fruto de la \u201ccrisis de las humanidades\u201d, hasta sus expresiones contempor\u00e1neas latinoamericanas.<\/p>\n<p style=\"color: #000000; text-align: left; font-size: 16px;\">A su vez, se propone leer esa genealog\u00eda de los Estudios Culturales con dimensi\u00f3n pol\u00edtica a trav\u00e9s de la lente de la Cr\u00edtica Poscolonial, que llam\u00f3 la atenci\u00f3n sobre la geopol\u00edtica del conocimiento y su implicaci\u00f3n de que todo saber es situado, contingente e hist\u00f3rico: en este sentido, el an\u00e1lisis entre cultura y poder se une a la cr\u00edtica al eurocentrismo y al occidentalismo. La l\u00ednea de investigaci\u00f3n parte de la noci\u00f3n de que las modernidades latinoamericanas y sus procesos culturales (sus literaturas, artes, filosof\u00edas, historias, pensamientos cr\u00edticos y producci\u00f3n de subjetividades) est\u00e1n atravesados por la \u201c<em>marca de colonialidad<\/em>\u201d, como dir\u00eda An\u00edbal Quijano: un Occidente mod\u00e9lico y legislador informa nuestras percepciones de contemporaneidad, presente, <em>telos<\/em>, progreso. Desmontarlo, deconstruirlo, es parte de los objetivos de esta l\u00ednea, y las investigaciones que pretendemos generar se amparan en ese aparato cr\u00edtico.<\/p>\n<p style=\"color: #000000; text-align: left; font-size: 16px;\">En s\u00edntesis, la propuesta central de esta l\u00ednea del Doctorado en Humanidades es generar investigaciones precisas con objetos delimitados cuya concepci\u00f3n tenga implicancias interdisciplinares.\u00a0 Para ello, se procurar\u00e1 mantener dos sensibilidades: la vinculaci\u00f3n de los procesos culturales con las dimensiones de lo pol\u00edtico, y el cuestionamiento a la colonialidad con la que se construye, produce y\u00a0 socializa conocimiento en M\u00e9xico y Am\u00e9rica Latina.<\/p>\n\n            <div class=\"page-header page-header-with-icon\">\n                <i class=\"fa fa-group\"><\/i>\n                <h2>N\u00facleo Acad\u00e9mico B\u00e1sico<small> <\/small><\/h2>\n            <\/div>\n\n        <div class=\"profile-boxes\">\n            <div class=\"row\">\n        <div class=\"col-sm-6 profile-box\">\n          <div class=\"row\">\n            <div class=\"col-sm-4\">\n              <a class=\"image-link\" data-lightbox data-lightbox-gallery=\"team\" href=\"https:\/\/dhumanidades.xoc.uam.mx\/wp-content\/uploads\/2017\/02\/DSC_0014.jpg\" title=\"Dr. Mario Rufer\">\n                <i class=\"fa-icon-envelope-alt\"><\/i>\n                <img loading=\"lazy\" decoding=\"async\" alt=\"David Doe\" width=\"165\" height=\"165\" src=\"https:\/\/dhumanidades.xoc.uam.mx\/wp-content\/uploads\/2017\/02\/DSC_0014.jpg\" \/>\n              <\/a>\n            <\/div>\n            <div class=\"col-sm-8\">\n              <h3 class=\"name\">Dr. Mario Rufer<\/h3>\n              <h4 class=\"position\">Coordinador de l\u00ednea.   Profesor-investigador de tiempo completo titular 'C' de la Universidad Aut\u00f3noma Metropolitana, Unidad Xochimilco<\/h4>\n              <p>Miembro del Sistema Nacional de Investigadores (SNI) nivel II<\/p>\n              <div class=\"links\">\n                 <a title=\"Dr. Mario Rufer\" href=\"https:\/\/dhumanidades.xoc.uam.mx\/?page_id=399\" target=\"_blank\" rel=\"noopener\">Semblanza Curricular<\/a>\u00a0\n              <\/div>\n            <\/div>\n          <\/div>\n        <\/div>\n    \n        <div class=\"col-sm-6 profile-box\">\n          <div class=\"row\">\n            <div class=\"col-sm-4\">\n              <a class=\"image-link\" data-lightbox data-lightbox-gallery=\"team\" href=\"https:\/\/dhumanidades.xoc.uam.mx\/wp-content\/uploads\/2017\/02\/CarmendelaPeza1-e1487172810886.jpg\" title=\"Dra. Ma. Del Carmen de la Peza\">\n                <i class=\"fa-icon-envelope-alt\"><\/i>\n                <img loading=\"lazy\" decoding=\"async\" alt=\"David Doe\" width=\"165\" height=\"165\" src=\"https:\/\/dhumanidades.xoc.uam.mx\/wp-content\/uploads\/2017\/02\/CarmendelaPeza1-e1487172810886.jpg\" \/>\n              <\/a>\n            <\/div>\n            <div class=\"col-sm-8\">\n              <h3 class=\"name\">Dra. Ma. Del Carmen de la Peza<\/h3>\n              <h4 class=\"position\">Profesora-investigadora de tiempo completo titular 'C' de la Universidad Aut\u00f3noma Metropolitana, Unidad Xochimilco<\/h4>\n              <p>Miembro del Sistema Nacional de Investigadores (SNI) nivel III<\/p>\n              <div class=\"links\">\n                 <a title=\"Dra. Carmen de la Peza\" href=\"https:\/\/dhumanidades.xoc.uam.mx\/?page_id=474\" target=\"_blank\" rel=\"noopener\">Semblanza Curricular<\/a>\u00a0\n              <\/div>\n            <\/div>\n          <\/div>\n        <\/div>\n    <\/div><div class=\"row\">\n        <div class=\"col-sm-6 profile-box\">\n          <div class=\"row\">\n            <div class=\"col-sm-4\">\n              <a class=\"image-link\" data-lightbox data-lightbox-gallery=\"team\" href=\"https:\/\/dhumanidades.xoc.uam.mx\/wp-content\/uploads\/2017\/02\/Frida-e1487172919718.jpg\" title=\"Dra. Frida Gorbach Rudoy\">\n                <i class=\"fa-icon-envelope-alt\"><\/i>\n                <img loading=\"lazy\" decoding=\"async\" alt=\"David Doe\" width=\"165\" height=\"165\" src=\"https:\/\/dhumanidades.xoc.uam.mx\/wp-content\/uploads\/2017\/02\/Frida-e1487172919718.jpg\" \/>\n              <\/a>\n            <\/div>\n            <div class=\"col-sm-8\">\n              <h3 class=\"name\">Dra. Frida Gorbach Rudoy<\/h3>\n              <h4 class=\"position\">Profesora-investigadora de tiempo completo titular 'C' de la Universidad Aut\u00f3noma Metropolitana, Unidad Xochimilco<\/h4>\n              <p>Miembro del Sistema Nacional de Investigadores (SNI) nivel II<\/p>\n              <div class=\"links\">\n                 <a title=\"Dra. Frida Gorbach\" href=\"https:\/\/dhumanidades.xoc.uam.mx\/?page_id=479\" target=\"_blank\" rel=\"noopener\">Semblanza Curricular<\/a>\u00a0\n              <\/div>\n            <\/div>\n          <\/div>\n        <\/div>\n    \n        <div class=\"col-sm-6 profile-box\">\n          <div class=\"row\">\n            <div class=\"col-sm-4\">\n              <a class=\"image-link\" data-lightbox data-lightbox-gallery=\"team\" href=\"https:\/\/dhumanidades.xoc.uam.mx\/wp-content\/uploads\/2017\/02\/Yissel-Arce.jpg\" title=\"Dra. Yissel Arce Padr\u00f3n\">\n                <i class=\"fa-icon-envelope-alt\"><\/i>\n                <img loading=\"lazy\" decoding=\"async\" alt=\"David Doe\" width=\"165\" height=\"165\" src=\"https:\/\/dhumanidades.xoc.uam.mx\/wp-content\/uploads\/2017\/02\/Yissel-Arce.jpg\" \/>\n              <\/a>\n            <\/div>\n            <div class=\"col-sm-8\">\n              <h3 class=\"name\">Dra. Yissel Arce Padr\u00f3n<\/h3>\n              <h4 class=\"position\">Profesora-investigadora de tiempo completo titular 'C' de la Universidad Aut\u00f3noma Metropolitana, Unidad Xochimilco<\/h4>\n              <p>Miembro del Sistema Nacional de Investigadores (SNI) nivel I<\/p>\n              <div class=\"links\">\n                 <a title=\"Dra. Yissel Arce\" href=\"https:\/\/dhumanidades.xoc.uam.mx\/?page_id=484\" target=\"_blank\" rel=\"noopener\">Semblanza Curricular<\/a>\u00a0\n              <\/div>\n            <\/div>\n          <\/div>\n        <\/div>\n    <\/div><div class=\"row\">\n        <div class=\"col-sm-6 profile-box\">\n          <div class=\"row\">\n            <div class=\"col-sm-4\">\n              <a class=\"image-link\" data-lightbox data-lightbox-gallery=\"team\" href=\"https:\/\/dhumanidades.xoc.uam.mx\/wp-content\/uploads\/2017\/02\/Paulina-Aroch.jpg\" title=\"Dra. Paulina Aroch Fugellie\">\n                <i class=\"fa-icon-envelope-alt\"><\/i>\n                <img loading=\"lazy\" decoding=\"async\" alt=\"David Doe\" width=\"165\" height=\"165\" src=\"https:\/\/dhumanidades.xoc.uam.mx\/wp-content\/uploads\/2017\/02\/Paulina-Aroch.jpg\" \/>\n              <\/a>\n            <\/div>\n            <div class=\"col-sm-8\">\n              <h3 class=\"name\">Dra. Paulina Aroch Fugellie<\/h3>\n              <h4 class=\"position\">Profesora-investigadora de tiempo completo titular 'C' de la Universidad Aut\u00f3noma Metropolitana, Unidad Cuajimalpa<\/h4>\n              <p>Miembro del Sistema Nacional de Investigadores (SNI) nivel candidata<\/p>\n              <div class=\"links\">\n                 <a title=\"Dra. Paulina Aroch\" href=\"https:\/\/dhumanidades.xoc.uam.mx\/?page_id=503\" target=\"_blank\" rel=\"noopener\">Semblanza Curricular<\/a>\u00a0\n              <\/div>\n            <\/div>\n          <\/div>\n        <\/div>\n    \n        <div class=\"col-sm-6 profile-box\">\n          <div class=\"row\">\n            <div class=\"col-sm-4\">\n              <a class=\"image-link\" data-lightbox data-lightbox-gallery=\"team\" href=\"https:\/\/dhumanidades.xoc.uam.mx\/wp-content\/uploads\/2017\/02\/Rozental.jpg\" title=\"Dra. Sandra Rozental\">\n                <i class=\"fa-icon-envelope-alt\"><\/i>\n                <img loading=\"lazy\" decoding=\"async\" alt=\"David Doe\" width=\"165\" height=\"165\" src=\"https:\/\/dhumanidades.xoc.uam.mx\/wp-content\/uploads\/2017\/02\/Rozental.jpg\" \/>\n              <\/a>\n            <\/div>\n            <div class=\"col-sm-8\">\n              <h3 class=\"name\">Dra. Sandra Rozental<\/h3>\n              <h4 class=\"position\">Profesora-investigadora de tiempo completo titular 'C' de la Universidad Aut\u00f3noma Metropolitana, Unidad Cuajimalpa<\/h4>\n              <p>Miembro del Sistema Nacional de Investigadores (SNI) nivel candidata<\/p>\n              <div class=\"links\">\n                 <a title=\"Dra. Sandra Rozental\" href=\"https:\/\/dhumanidades.xoc.uam.mx\/?page_id=701\" target=\"_blank\" rel=\"noopener\">Semblanza Curricular<\/a>\u00a0\n              <\/div>\n            <\/div>\n          <\/div>\n        <\/div>\n    <\/div><div class=\"row\">\n        <div class=\"col-sm-6 profile-box\">\n          <div class=\"row\">\n            <div class=\"col-sm-4\">\n              <a class=\"image-link\" data-lightbox data-lightbox-gallery=\"team\" href=\"https:\/\/dhumanidades.xoc.uam.mx\/wp-content\/uploads\/2018\/12\/Parrini.jpg\" title=\"Dr. Rodrigo Parrini\">\n                <i class=\"fa-icon-envelope-alt\"><\/i>\n                <img loading=\"lazy\" decoding=\"async\" alt=\"David Doe\" width=\"165\" height=\"165\" src=\"https:\/\/dhumanidades.xoc.uam.mx\/wp-content\/uploads\/2018\/12\/Parrini.jpg\" \/>\n              <\/a>\n            <\/div>\n            <div class=\"col-sm-8\">\n              <h3 class=\"name\">Dr. Rodrigo Parrini<\/h3>\n              <h4 class=\"position\">Profesor-investigador de tiempo completo titular 'C' de la Universidad Aut\u00f3noma Metropolitana, Unidad Xochimilco<\/h4>\n              <p>Miembro del sistema Nacional de Investigadores (SNI) Nivel I<\/p>\n              <div class=\"links\">\n                 <a title=\"Dr. Rodrigo Parrini \" href=\"https:\/\/dhumanidades.xoc.uam.mx\/?page_id=1189\" target=\"_blank\" rel=\"noopener\">Semblanza Curricular<\/a>\u00a0 \n              <\/div>\n            <\/div>\n          <\/div>\n        <\/div>\n    \n        <\/div>\n    \n\n            <div class=\"page-header page-header-with-icon\">\n                <i class=\"fa fa-group\"><\/i>\n                <h2>N\u00facleo Acad\u00e9mico Asociado<small><\/small><\/h2>\n            <\/div>\n\n        <div class=\"profile-boxes\">\n            <div class=\"row\">\n        <div class=\"col-sm-6 profile-box\">\n          <div class=\"row\">\n            <div class=\"col-sm-4\">\n              <a class=\"image-link\" data-lightbox data-lightbox-gallery=\"team\" href=\"https:\/\/dhumanidades.xoc.uam.mx\/wp-content\/uploads\/2017\/02\/clementina.jpg\" title=\"Dra. Clementina Battcock\">\n                <i class=\"fa-icon-envelope-alt\"><\/i>\n                <img loading=\"lazy\" decoding=\"async\" alt=\"David Doe\" width=\"165\" height=\"165\" src=\"https:\/\/dhumanidades.xoc.uam.mx\/wp-content\/uploads\/2017\/02\/clementina.jpg\" \/>\n              <\/a>\n            <\/div>\n            <div class=\"col-sm-8\">\n              <h3 class=\"name\">Dra. Clementina Battcock<\/h3>\n              <h4 class=\"position\">Profesora-investigadora titular 'B' de la Direcci\u00f3n de Estudios Hist\u00f3ricos del Instituto Nacional de Antropolog\u00eda e Historia<\/h4>\n              <p>Miembro del Sistema Nacional de Investigadores (SNI) nivel I<\/p>\n              <div class=\"links\">\n                S<a title=\"Dra. Clementina Battcock\" href=\"https:\/\/dhumanidades.xoc.uam.mx\/?page_id=716\" target=\"_blank\" rel=\"noopener\">emblanza Curricular<\/a>\n              <\/div>\n            <\/div>\n          <\/div>\n        <\/div>\n    \n        <div class=\"col-sm-6 profile-box\">\n          <div class=\"row\">\n            <div class=\"col-sm-4\">\n              <a class=\"image-link\" data-lightbox data-lightbox-gallery=\"team\" href=\"https:\/\/dhumanidades.xoc.uam.mx\/wp-content\/uploads\/2017\/02\/EduardoAndi\u00f3n3.jpg\" title=\"Dr. Eduardo Andi\u00f3n\">\n                <i class=\"fa-icon-envelope-alt\"><\/i>\n                <img loading=\"lazy\" decoding=\"async\" alt=\"David Doe\" width=\"165\" height=\"165\" src=\"https:\/\/dhumanidades.xoc.uam.mx\/wp-content\/uploads\/2017\/02\/EduardoAndi\u00f3n3.jpg\" \/>\n              <\/a>\n            <\/div>\n            <div class=\"col-sm-8\">\n              <h3 class=\"name\">Dr. Eduardo Andi\u00f3n<\/h3>\n              <h4 class=\"position\">Profesor-investigador de tiempo completo titular 'C' de la Universidad Aut\u00f3noma Metropolitana, Unidad Xochimilco<\/h4>\n              <p><\/p>\n              <div class=\"links\">\n                <a title=\"Dr. Eduardo Andi\u00f3n\" href=\"https:\/\/dhumanidades.xoc.uam.mx\/?page_id=713\" target=\"_blank\" rel=\"noopener\">Semblanza Curricular<\/a>\n              <\/div>\n            <\/div>\n          <\/div>\n        <\/div>\n    <\/div><div class=\"row\">\n        <div class=\"col-sm-6 profile-box\">\n          <div class=\"row\">\n            <div class=\"col-sm-4\">\n              <a class=\"image-link\" data-lightbox data-lightbox-gallery=\"team\" href=\"https:\/\/dhumanidades.xoc.uam.mx\/wp-content\/uploads\/2017\/02\/liliana-1.jpg\" title=\"Dra. Lilia Rebeca Rodr\u00edguez\">\n                <i class=\"fa-icon-envelope-alt\"><\/i>\n                <img loading=\"lazy\" decoding=\"async\" alt=\"David Doe\" width=\"165\" height=\"165\" src=\"https:\/\/dhumanidades.xoc.uam.mx\/wp-content\/uploads\/2017\/02\/liliana-1.jpg\" \/>\n              <\/a>\n            <\/div>\n            <div class=\"col-sm-8\">\n              <h3 class=\"name\">Dra. Lilia Rebeca Rodr\u00edguez<\/h3>\n              <h4 class=\"position\"><\/h4>\n              <p><\/p>\n              <div class=\"links\">\n                 <a title=\"Dra. Lilia Rebeca Rodr\u00edguez\" href=\"https:\/\/dhumanidades.xoc.uam.mx\/?page_id=737\" target=\"_blank\" rel=\"noopener\">Semblanza Curricular<\/a>\n              <\/div>\n            <\/div>\n          <\/div>\n        <\/div>\n    \n        <div class=\"col-sm-6 profile-box\">\n          <div class=\"row\">\n            <div class=\"col-sm-4\">\n              <a class=\"image-link\" data-lightbox data-lightbox-gallery=\"team\" href=\"https:\/\/dhumanidades.xoc.uam.mx\/wp-content\/uploads\/2017\/02\/Claudia-Arroyo-490x326.jpg\" title=\"Dra. Claudia Arroyo\">\n                <i class=\"fa-icon-envelope-alt\"><\/i>\n                <img loading=\"lazy\" decoding=\"async\" alt=\"David Doe\" width=\"165\" height=\"165\" src=\"https:\/\/dhumanidades.xoc.uam.mx\/wp-content\/uploads\/2017\/02\/Claudia-Arroyo-490x326.jpg\" \/>\n              <\/a>\n            <\/div>\n            <div class=\"col-sm-8\">\n              <h3 class=\"name\">Dra. Claudia Arroyo<\/h3>\n              <h4 class=\"position\">Profesora-investigadora titular 'C' de la Universidad Aut\u00f3noma Metropolitana, Unidad Cuajimalpa<\/h4>\n              <p>Miembro del Sistema Nacional de Investigadores (SNI) nivel I<\/p>\n              <div class=\"links\">\n                 <a title=\"Dra. Claudia Arroyo\" href=\"https:\/\/dhumanidades.xoc.uam.mx\/?page_id=744\" target=\"_blank\" rel=\"noopener\">Semblanza Curricular<\/a>\n              <\/div>\n            <\/div>\n          <\/div>\n        <\/div>\n    <\/div>\n        <\/div>\n    \n","protected":false},"excerpt":{"rendered":"<p>Objetivos: Promover investigaciones que desarrollen las contribuciones de los estudios culturales y de la cr\u00edtica poscolonial a las humanidades y al concepto tradicional de humanismo [&hellip;]<\/p>\n","protected":false},"author":1,"featured_media":0,"parent":0,"menu_order":0,"comment_status":"open","ping_status":"open","template":"","meta":{"footnotes":""},"class_list":["post-25","page","type-page","status-publish","hentry"],"_links":{"self":[{"href":"https:\/\/dhumanidades.xoc.uam.mx\/index.php?rest_route=\/wp\/v2\/pages\/25","targetHints":{"allow":["GET"]}}],"collection":[{"href":"https:\/\/dhumanidades.xoc.uam.mx\/index.php?rest_route=\/wp\/v2\/pages"}],"about":[{"href":"https:\/\/dhumanidades.xoc.uam.mx\/index.php?rest_route=\/wp\/v2\/types\/page"}],"author":[{"embeddable":true,"href":"https:\/\/dhumanidades.xoc.uam.mx\/index.php?rest_route=\/wp\/v2\/users\/1"}],"replies":[{"embeddable":true,"href":"https:\/\/dhumanidades.xoc.uam.mx\/index.php?rest_route=%2Fwp%2Fv2%2Fcomments&post=25"}],"version-history":[{"count":111,"href":"https:\/\/dhumanidades.xoc.uam.mx\/index.php?rest_route=\/wp\/v2\/pages\/25\/revisions"}],"predecessor-version":[{"id":1541,"href":"https:\/\/dhumanidades.xoc.uam.mx\/index.php?rest_route=\/wp\/v2\/pages\/25\/revisions\/1541"}],"wp:attachment":[{"href":"https:\/\/dhumanidades.xoc.uam.mx\/index.php?rest_route=%2Fwp%2Fv2%2Fmedia&parent=25"}],"curies":[{"name":"wp","href":"https:\/\/api.w.org\/{rel}","templated":true}]}}