{"id":143,"date":"2017-01-30T21:26:14","date_gmt":"2017-01-30T21:26:14","guid":{"rendered":"http:\/\/dhumanidades.xoc.uam.mx\/?page_id=143"},"modified":"2017-01-31T17:27:48","modified_gmt":"2017-01-31T17:27:48","slug":"perfil-de-egreso","status":"publish","type":"page","link":"https:\/\/dhumanidades.xoc.uam.mx\/?page_id=143","title":{"rendered":"Perfil de Egreso"},"content":{"rendered":"<p>&nbsp;<br \/>\n&nbsp;<br \/>\n&nbsp;<br \/>\n&nbsp;<\/p>\n<p style=\"text-align: left; color:#000; font-size: 16px;\">Los egresados del Doctorado en Humanidades ser\u00e1n capaces de desarrollar investigaciones y a su vez, formar acad\u00e9micos de alto nivel para desempe\u00f1arse en el campo amplio de los estudios de la cultura y de la producci\u00f3n simb\u00f3lica, tomando en cuenta sus dimensiones \u00e9ticas, est\u00e9ticas y pol\u00edticas, y considerando los fundamentos y presupuestos de los paradigmas y perspectivas te\u00f3ricas m\u00e1s significativas. Igualmente, los Doctores o Doctoras en Humanidades tendr\u00e1n elementos fundamentados para propiciar la apertura a un entorno acad\u00e9mico tanto para el di\u00e1logo, recapitulaci\u00f3n y cr\u00edtica de las tradiciones acad\u00e9micas, como para la construcci\u00f3n de enfoques, modelos anal\u00edticos y metodolog\u00edas nuevas.<\/p>\n<p>&nbsp;<\/p>\n<p style=\"text-align: left; color:#000; font-size: 16px;\">Asimismo, pretendemos formar investigadores que sean capaces de generar sensibilidades que promuevan una cr\u00edtica de las condiciones de vida y convivencia de nuestro tiempo que se alejen de la perspectiva que aborda a las humanidades como el \u00e1mbito de estudio de las \u201cmanifestaciones sublimes\u201d del g\u00e9nero humano.<\/p>\n<p>&nbsp;<\/p>\n<p style=\"text-align: left; color:#000; font-size: 16px;\">Al cursar el programa de Doctorado en Humanidades se espera formar acad\u00e9micos que se inscriban en la sociedad como agentes de cambio cultural, con un pensamiento reflexivo y cr\u00edtico cuya pr\u00e1ctica incida en la transformaci\u00f3n de los paradigmas dominantes de interpretaci\u00f3n de lo humano y contribuya a la construcci\u00f3n de un nuevo humanismo que reubique al ser humano en el mundo y la naturaleza.<\/p>\n<p>&nbsp;<\/p>\n<p style=\"text-align: left; color:#000; font-size: 16px;\">Los Doctores en Humanidades actuar\u00e1n como profesores, investigadores y divulgadores culturales que potencialmente podr\u00e1n sumarse a las instituciones educativas, institutos de investigaci\u00f3n, centros de difusi\u00f3n cultural e industrias culturales emergentes, derivadas de la revoluci\u00f3n tecnol\u00f3gica en los campos culturales. Tambi\u00e9n podr\u00e1n cumplir un rol destacado en y la implantaci\u00f3n de pol\u00edticas p\u00fablicas de expansi\u00f3n de la cobertura de los sistemas de educaci\u00f3n media superior y superior, as\u00ed como en el crecimiento de los programas de difusi\u00f3n cultural.<\/p>\n<p>&nbsp;<br \/>\n&nbsp;<br \/>\n&nbsp;<br \/>\n&nbsp;<\/p>\n","protected":false},"excerpt":{"rendered":"<p>&nbsp; &nbsp; &nbsp; &nbsp; Los egresados del Doctorado en Humanidades ser\u00e1n capaces de desarrollar investigaciones y a su vez, formar acad\u00e9micos de alto nivel para [&hellip;]<\/p>\n","protected":false},"author":1,"featured_media":0,"parent":0,"menu_order":0,"comment_status":"open","ping_status":"open","template":"template-empty-fullwidth.php","meta":{"footnotes":""},"class_list":["post-143","page","type-page","status-publish","hentry"],"_links":{"self":[{"href":"https:\/\/dhumanidades.xoc.uam.mx\/index.php?rest_route=\/wp\/v2\/pages\/143","targetHints":{"allow":["GET"]}}],"collection":[{"href":"https:\/\/dhumanidades.xoc.uam.mx\/index.php?rest_route=\/wp\/v2\/pages"}],"about":[{"href":"https:\/\/dhumanidades.xoc.uam.mx\/index.php?rest_route=\/wp\/v2\/types\/page"}],"author":[{"embeddable":true,"href":"https:\/\/dhumanidades.xoc.uam.mx\/index.php?rest_route=\/wp\/v2\/users\/1"}],"replies":[{"embeddable":true,"href":"https:\/\/dhumanidades.xoc.uam.mx\/index.php?rest_route=%2Fwp%2Fv2%2Fcomments&post=143"}],"version-history":[{"count":4,"href":"https:\/\/dhumanidades.xoc.uam.mx\/index.php?rest_route=\/wp\/v2\/pages\/143\/revisions"}],"predecessor-version":[{"id":202,"href":"https:\/\/dhumanidades.xoc.uam.mx\/index.php?rest_route=\/wp\/v2\/pages\/143\/revisions\/202"}],"wp:attachment":[{"href":"https:\/\/dhumanidades.xoc.uam.mx\/index.php?rest_route=%2Fwp%2Fv2%2Fmedia&parent=143"}],"curies":[{"name":"wp","href":"https:\/\/api.w.org\/{rel}","templated":true}]}}